{"id":1627,"date":"2024-08-08T15:47:43","date_gmt":"2024-08-08T13:47:43","guid":{"rendered":"https:\/\/polishcraftbeer.es\/?post_type=product&#038;p=1627"},"modified":"2024-08-08T15:47:43","modified_gmt":"2024-08-08T13:47:43","slug":"refresco-soda-f-srta-cafeina-33cl","status":"publish","type":"product","link":"https:\/\/polishcraftbeer.es\/?product=refresco-soda-f-srta-cafeina-33cl","title":{"rendered":"Refresco Soda F. Srta Cafeina 33cl"},"content":{"rendered":"<p class=\"cvGsUA direction-ltr align-center para-style-body\"><span class=\"OYPEnA font-feature-liga-off font-feature-clig-off font-feature-calt-off text-decoration-none text-strikethrough-none\">Refresco de cola bio con un toque de lim\u00f3n, caramelo y caf\u00e9 100% extractos de origen natural.<\/span><span class=\"OYPEnA font-feature-liga-off font-feature-clig-off font-feature-calt-off text-decoration-none text-strikethrough-none\"> Ingredientes: Agua carbonatada, az\u00facar*, zumo de lim\u00f3n concentrado*, jarabe de az\u00facar de caramelo natural*, aromas naturales (especias, caf\u00e9 y lim\u00f3n), extracto de cafe\u00edna de caf\u00e9 verde*, acidulante (\u00e1cido c\u00edtrico), (*)Ingredientes ecol\u00f3gicos. Contenido de fruta: 3%.<\/span><\/p>\n","protected":false},"excerpt":{"rendered":"<p>Refresco de cola bio con un toque de lim\u00f3n, caramelo y caf\u00e9 100% extractos de origen natural. Ingredientes: Agua carbonatada, az\u00facar*, zumo de lim\u00f3n concentrado*, jarabe de az\u00facar de caramelo natural*, aromas naturales (especias, caf\u00e9 y lim\u00f3n), extracto de cafe\u00edna de caf\u00e9 verde*, acidulante (\u00e1cido c\u00edtrico), (*)Ingredientes ecol\u00f3gicos. Contenido de fruta: 3%.<\/p>\n","protected":false},"featured_media":1617,"comment_status":"open","ping_status":"closed","template":"","meta":{"_monsterinsights_skip_tracking":false,"_monsterinsights_sitenote_active":false,"_monsterinsights_sitenote_note":"","_monsterinsights_sitenote_category":0,"_kad_post_transparent":"default","_kad_post_title":"","_kad_post_layout":"default","_kad_post_sidebar_id":"","_kad_post_content_style":"default","_kad_post_vertical_padding":"default","_kad_post_feature":"","_kad_post_feature_position":"","_kad_post_header":false,"_kad_post_footer":false},"product_cat":[93],"product_tag":[],"_links":{"self":[{"href":"https:\/\/polishcraftbeer.es\/index.php?rest_route=\/wp\/v2\/product\/1627"}],"collection":[{"href":"https:\/\/polishcraftbeer.es\/index.php?rest_route=\/wp\/v2\/product"}],"about":[{"href":"https:\/\/polishcraftbeer.es\/index.php?rest_route=\/wp\/v2\/types\/product"}],"replies":[{"embeddable":true,"href":"https:\/\/polishcraftbeer.es\/index.php?rest_route=%2Fwp%2Fv2%2Fcomments&post=1627"}],"wp:featuredmedia":[{"embeddable":true,"href":"https:\/\/polishcraftbeer.es\/index.php?rest_route=\/wp\/v2\/media\/1617"}],"wp:attachment":[{"href":"https:\/\/polishcraftbeer.es\/index.php?rest_route=%2Fwp%2Fv2%2Fmedia&parent=1627"}],"wp:term":[{"taxonomy":"product_cat","embeddable":true,"href":"https:\/\/polishcraftbeer.es\/index.php?rest_route=%2Fwp%2Fv2%2Fproduct_cat&post=1627"},{"taxonomy":"product_tag","embeddable":true,"href":"https:\/\/polishcraftbeer.es\/index.php?rest_route=%2Fwp%2Fv2%2Fproduct_tag&post=1627"}],"curies":[{"name":"wp","href":"https:\/\/api.w.org\/{rel}","templated":true}]}}